{"id":576,"date":"2025-02-17T11:45:27","date_gmt":"2025-02-17T16:45:27","guid":{"rendered":"https:\/\/dev.lepelerin.org\/portail\/?post_type=tribe_events&#038;p=576"},"modified":"2025-10-08T11:53:21","modified_gmt":"2025-10-08T15:53:21","slug":"la-fete-des-etudiants-et-remise-des-diplomes","status":"publish","type":"tribe_events","link":"https:\/\/lepelerin.org\/portail\/evenement\/la-fete-des-etudiants-et-remise-des-diplomes\/","title":{"rendered":"F\u00eate de la remise des dipl\u00f4mes"},"content":{"rendered":"<p>[et_pb_section fb_built=&#8221;1&#8243; _builder_version=&#8221;4.27.4&#8243; _module_preset=&#8221;default&#8221; background_color=&#8221;#fff8f2&#8243; custom_padding=&#8221;0px|||||&#8221; global_colors_info=&#8221;{}&#8221;][et_pb_row _builder_version=&#8221;4.27.4&#8243; _module_preset=&#8221;default&#8221; global_colors_info=&#8221;{}&#8221;][et_pb_column type=&#8221;4_4&#8243; _builder_version=&#8221;4.27.4&#8243; _module_preset=&#8221;default&#8221; global_colors_info=&#8221;{}&#8221;][et_pb_image src=&#8221;https:\/\/lepelerin.org\/portail\/wp-content\/uploads\/2025\/09\/Remise-des-diplomes.jpg&#8221; alt=&#8221;Remise des dipl\u00f4mes 2025&#8243; title_text=&#8221;Remise des dipl\u00f4mes 2025&#8243; _builder_version=&#8221;4.27.4&#8243; _module_preset=&#8221;default&#8221; border_radii=&#8221;on|18px|18px|18px|18px&#8221; global_colors_info=&#8221;{}&#8221;][\/et_pb_image][et_pb_text module_class=&#8221;custom-bullet&#8221; _builder_version=&#8221;4.27.4&#8243; _module_preset=&#8221;default&#8221; text_font=&#8221;||||||||&#8221; ul_font_size=&#8221;13px&#8221; global_colors_info=&#8221;{}&#8221;]<\/p>\n<p>Au programme : la remise des dipl\u00f4mes des finissants des trois derni\u00e8res ann\u00e9es, suivie d\u2019une s\u00e9rie de surprises tout au long de l\u2019apr\u00e8s-midi. Un moment de c\u00e9l\u00e9bration \u00e0 ne pas manquer !<\/p>\n<p>Date : Samedi 25 octobre 2025<br \/>Heure : \u00c0 d\u00e9terminer<br \/>Lieu : \u00c0 d\u00e9terminer (\u00e9galement en ligne)<\/p>\n<p>Plus de d\u00e9tails \u00e0 venir.<span>\u00a0<\/span><a title=\"Inscrivez-vous \u00e0 l'infolettre\" href=\"https:\/\/email.lepelerin.org\/inscription-infolettre\" target=\"_blank\" rel=\"noopener\">Inscrivez-vous \u00e0 l\u2019infolettre<\/a><span>\u00a0<\/span>pour rester inform\u00e9.<\/p>\n<p>[\/et_pb_text][\/et_pb_column][\/et_pb_row][\/et_pb_section]<\/p>\n","protected":false},"excerpt":{"rendered":"<p>C\u00e9l\u00e9brez la remise des dipl\u00f4mes le 25 octobre au Centre le P\u00e8lerin, en pr\u00e9sentiel ou en ligne.<\/p>\n","protected":false},"author":2,"featured_media":251210,"template":"","meta":{"_et_pb_use_builder":"on","_et_pb_old_content":"\u00c9tudiants actuels et anciens, rejoignez-nous pour un apr\u00e8s-midi de festivit\u00e9s au Centre le P\u00e8lerin ! Ce sera l'occasion de retrouver vos confr\u00e8res, consoeurs, enseignants et employ\u00e9s, d\u2019\u00e9changer et de tisser des liens.\r\n\r\nAu programme : la remise des dipl\u00f4mes des finissants des trois derni\u00e8res ann\u00e9es, suivie d\u2019une s\u00e9rie de surprises tout au long de l'apr\u00e8s-midi. Un moment de c\u00e9l\u00e9bration \u00e0 ne pas manquer !\r\n\r\n? Date : Samedi 25 octobre 2025\r\n? Heure : \u00c0 d\u00e9terminer\r\n? Lieu : Centre le P\u00e8lerin (\u00e9galement en ligne)\r\n\r\nPlus de d\u00e9tails \u00e0 venir. <a title=\"Inscrivez-vous \u00e0 l'infolettre\" href=\"https:\/\/email.lepelerin.org\/inscription-infolettre\" target=\"_blank\" rel=\"noopener\">Inscrivez-vous \u00e0 l'infolettre<\/a> pour rester inform\u00e9.","_et_gb_content_width":"","_tribe_events_status":"","_tribe_events_status_reason":"","footnotes":""},"tags":[],"tribe_events_cat":[14,21],"class_list":["post-576","tribe_events","type-tribe_events","status-publish","has-post-thumbnail","hentry","tribe_events_cat-centre-le-pelerin","tribe_events_cat-ecole-accompagnement-spirituel","cat_centre-le-pelerin","cat_ecole-accompagnement-spirituel"],"_links":{"self":[{"href":"https:\/\/lepelerin.org\/portail\/wp-json\/wp\/v2\/tribe_events\/576","targetHints":{"allow":["GET"]}}],"collection":[{"href":"https:\/\/lepelerin.org\/portail\/wp-json\/wp\/v2\/tribe_events"}],"about":[{"href":"https:\/\/lepelerin.org\/portail\/wp-json\/wp\/v2\/types\/tribe_events"}],"author":[{"embeddable":true,"href":"https:\/\/lepelerin.org\/portail\/wp-json\/wp\/v2\/users\/2"}],"version-history":[{"count":9,"href":"https:\/\/lepelerin.org\/portail\/wp-json\/wp\/v2\/tribe_events\/576\/revisions"}],"predecessor-version":[{"id":253252,"href":"https:\/\/lepelerin.org\/portail\/wp-json\/wp\/v2\/tribe_events\/576\/revisions\/253252"}],"wp:featuredmedia":[{"embeddable":true,"href":"https:\/\/lepelerin.org\/portail\/wp-json\/wp\/v2\/media\/251210"}],"wp:attachment":[{"href":"https:\/\/lepelerin.org\/portail\/wp-json\/wp\/v2\/media?parent=576"}],"wp:term":[{"taxonomy":"post_tag","embeddable":true,"href":"https:\/\/lepelerin.org\/portail\/wp-json\/wp\/v2\/tags?post=576"},{"taxonomy":"tribe_events_cat","embeddable":true,"href":"https:\/\/lepelerin.org\/portail\/wp-json\/wp\/v2\/tribe_events_cat?post=576"}],"curies":[{"name":"wp","href":"https:\/\/api.w.org\/{rel}","templated":true}]}}

Fête de la remise des diplômes

<p>[et_pb_section fb_built=&#8221;1&#8243; _builder_version=&#8221;4.27.4&#8243; _module_preset=&#8221;default&#8221; background_color=&#8221;#fff8f2&#8243; custom_padding=&#8221;0px|||||&#8221; global_colors_info=&#8221;{}&#8221;][et_pb_row _builder_version=&#8221;4.27.4&#8243; _module_preset=&#8221;default&#8221; global_colors_info=&#8221;{}&#8221;][et_pb_column type=&#8221;4_4&#8243; _builder_version=&#8221;4.27.4&#8243; _module_preset=&#8221;default&#8221; global_colors_info=&#8221;{}&#8221;][et_pb_image src=&#8221;https://lepelerin.org/portail/wp-content/uploads/2025/09/Remise-des-diplomes.jpg&#8221; alt=&#8221;Remise des diplômes 2025&#8243; title_text=&#8221;Remise des diplômes 2025&#8243; _builder_version=&#8221;4.27.4&#8243; _module_preset=&#8221;default&#8221; border_radii=&#8221;on|18px|18px|18px|18px&#8221; global_colors_info=&#8221;{}&#8221;][/et_pb_image][et_pb_text module_class=&#8221;custom-bullet&#8221; _builder_version=&#8221;4.27.4&#8243; _module_preset=&#8221;default&#8221; text_font=&#8221;||||||||&#8221; ul_font_size=&#8221;13px&#8221; global_colors_info=&#8221;{}&#8221;]</p>
<p>Au programme : la remise des diplômes des finissants des trois dernières années, suivie d’une série de surprises tout au long de l’après-midi. Un moment de célébration à ne pas manquer !</p>
<p>Date : Samedi 25 octobre 2025<br />Heure : À déterminer<br />Lieu : À déterminer (également en ligne)</p>
<p>Plus de détails à venir.<span> </span><a title="Inscrivez-vous à l'infolettre" href="https://email.lepelerin.org/inscription-infolettre" target="_blank" rel="noopener">Inscrivez-vous à l’infolettre</a><span> </span>pour rester informé.</p>
<p>[/et_pb_text][/et_pb_column][/et_pb_row][/et_pb_section]</p>

<p>Célébrez la remise des diplômes le 25 octobre au Centre le Pèlerin, en présentiel ou en ligne.</p>

Étudiants actuels et anciens, rejoignez-nous pour un après-midi de festivités au Centre le Pèlerin ! Ce sera l'occasion de retrouver vos confrères, consoeurs, enseignants et employés, d’échanger et de tisser des liens.

Au programme : la remise des diplômes des finissants des trois dernières années, suivie d’une série de surprises tout au long de l'après-midi. Un moment de célébration à ne pas manquer !

? Date : Samedi 25 octobre 2025
? Heure : À déterminer
? Lieu : Centre le Pèlerin (également en ligne)

Plus de détails à venir. <a title="Inscrivez-vous à l'infolettre" href="https://email.lepelerin.org/inscription-infolettre" target="_blank" rel="noopener">Inscrivez-vous à l'infolettre</a> pour rester informé.
